{"id":477,"date":"2018-11-08T10:34:28","date_gmt":"2018-11-08T10:34:28","guid":{"rendered":"https:\/\/tmh-dueren.de\/?page_id=477"},"modified":"2025-01-17T14:46:24","modified_gmt":"2025-01-17T14:46:24","slug":"oeffnugszeiten","status":"publish","type":"page","link":"https:\/\/tmh-dueren.de\/?page_id=477","title":{"rendered":"\u00d6ffnugszeiten"},"content":{"rendered":"<p>[et_pb_section fb_built=&#8221;1&#8243; _builder_version=&#8221;3.22&#8243;][et_pb_row _builder_version=&#8221;4.8.2&#8243; background_size=&#8221;initial&#8221; background_position=&#8221;top_left&#8221; background_repeat=&#8221;repeat&#8221;][et_pb_column type=&#8221;4_4&#8243; _builder_version=&#8221;3.25&#8243; custom_padding=&#8221;|||&#8221; custom_padding__hover=&#8221;|||&#8221;][et_pb_text admin_label=&#8221;\u00d6ffnungszeiten&#8221; _builder_version=&#8221;4.8.2&#8243; text_font=&#8221;Verdana||||||||&#8221; text_font_size=&#8221;16px&#8221; header_text_color=&#8221;#e2345c&#8221; max_width_tablet=&#8221;&#8221; max_width_phone=&#8221;&#8221; max_width_last_edited=&#8221;on|desktop&#8221; custom_margin=&#8221;0px|||0px&#8221; hover_enabled=&#8221;0&#8243; sticky_enabled=&#8221;0&#8243;]<\/p>\n<h1 style=\"text-align: left;\"><b>\u00d6ffnungszeiten<\/b><\/h1>\n<p>Aktuelle \u00d6ffnungszeiten zum<a href=\"https:\/\/tmh-dueren.de\/wp-content\/uploads\/2025\/01\/WhatsApp-Image-2025-01-14-at-13.54.03.jpeg\"> Download<\/a><\/p>\n<p>&nbsp;<\/p>\n<p style=\"text-align: left;\">Montags: 15.00 &#8211; 17.00 Uhr <strong>Kindertreff<\/strong> (ab 6 &#8211; 9 Jahre)<\/p>\n<p style=\"text-align: left;\">\u00a0 \u00a0 \u00a0 \u00a0 \u00a0 \u00a0 \u00a0\u00a0\u00a0 17.30 &#8211; 19.30 <strong>Mitarbeitertreffen<\/strong> (1. Montag im Monat)<\/p>\n<h4>\u00a0<\/h4>\n<p style=\"text-align: left;\">Dienstag: 15.00 &#8211; 17.00 <strong>Kindertreff\u00a0<\/strong>( 6 &#8211; 9 Jahre)<\/p>\n<p>17.00 -19.00 <strong>Teenietref<\/strong>f (10 &#8211; 13 Jahre)<\/p>\n<p>17.00 &#8211; 21.00 <strong>Jugendtreff<\/strong> (ab 14 Jahre)<\/p>\n<p style=\"text-align: left;\">Mittwoch: 16.30 &#8211; ca. 18.15 Uhr <strong>Kinderkino <\/strong>(14. t\u00e4gig)<\/p>\n<p>18.30 &#8211; 21.00 Uhr<strong> Jugendtreff<\/strong> (ab 14 Jahre)<\/p>\n<p><span style=\"color: #666666; font-size: 14px; font-weight: 500;\">(der Jugendtreff entf\u00e4llt, wenn in der gleichen Woche am Sonntag ge\u00f6ffnet ist, wird an der T\u00fcr ausgeh\u00e4ngt)<\/span><\/p>\n<p style=\"text-align: left;\">Donnerstag: 15.00 &#8211; 17.00 Uhr <strong>Kindertreff <\/strong>(ab 6 &#8211; 9 Jahre)<\/p>\n<p>17.00 &#8211; 19.00 Uhr <strong>Teenietreff<\/strong> (ab 10 bis 13 Jahre)<\/p>\n<p>17.00 &#8211; 21.00 Uhr <strong>Jugendtreff <\/strong>(ab 14 Jahre)<\/p>\n<h4 style=\"text-align: left; padding-left: 120px;\">\u00a0<\/h4>\n<p style=\"text-align: left;\">Freitag: 16.00 &#8211; 18.00 <strong>Teens<\/strong> ( 10 &#8211; 13 Jahre)<\/p>\n<p>16.00 -20.00 Uhr <strong>Jugendtreff<\/strong> (ab 14 Jahre)<\/p>\n<h4 style=\"text-align: left;\">\u00a0<\/h4>\n<p style=\"text-align: left;\">Sonntag: 17.00 \u2013 21.00 Uhr <strong>Offener Treff f\u00fcr Teens\/ Jugendliche<\/strong> (ab 10 Jahre)<\/p>\n<p style=\"text-align: left;\">(jeden 1. Sonntag im Monat oder nach Ank\u00fcndigung)<\/p>\n<p style=\"text-align: left;\">Ansonsten am Wochenende: H\u00e4usliche oder au\u00dferh\u00e4usliche Aktionen der Offenen Treffs (nach Programm und Aushang)<\/p>\n<p>[\/et_pb_text][\/et_pb_column][\/et_pb_row][\/et_pb_section]<\/p>\n","protected":false},"excerpt":{"rendered":"<p>[et_pb_section fb_built=&#8221;1&#8243; _builder_version=&#8221;3.22&#8243;][et_pb_row _builder_version=&#8221;4.8.2&#8243; background_size=&#8221;initial&#8221; background_position=&#8221;top_left&#8221; background_repeat=&#8221;repeat&#8221;][et_pb_column type=&#8221;4_4&#8243; _builder_version=&#8221;3.25&#8243; custom_padding=&#8221;|||&#8221; custom_padding__hover=&#8221;|||&#8221;][et_pb_text admin_label=&#8221;\u00d6ffnungszeiten&#8221; _builder_version=&#8221;4.8.2&#8243; text_font=&#8221;Verdana||||||||&#8221; text_font_size=&#8221;16px&#8221; header_text_color=&#8221;#e2345c&#8221; max_width_tablet=&#8221;&#8221; max_width_phone=&#8221;&#8221; max_width_last_edited=&#8221;on|desktop&#8221; custom_margin=&#8221;0px|||0px&#8221; hover_enabled=&#8221;0&#8243; sticky_enabled=&#8221;0&#8243;] \u00d6ffnungszeiten Aktuelle \u00d6ffnungszeiten zum Download &nbsp; Montags: 15.00 &#8211; 17.00 Uhr Kindertreff (ab 6 &#8211; 9 Jahre) \u00a0 \u00a0 \u00a0 \u00a0 \u00a0 \u00a0 \u00a0\u00a0\u00a0 17.30 &#8211; 19.30 Mitarbeitertreffen (1. Montag im Monat) \u00a0 [&hellip;]<\/p>\n","protected":false},"author":1,"featured_media":0,"parent":0,"menu_order":0,"comment_status":"closed","ping_status":"closed","template":"","meta":{"_et_pb_use_builder":"on","_et_pb_old_content":"","_et_gb_content_width":"","footnotes":""},"class_list":["post-477","page","type-page","status-publish","hentry"],"_links":{"self":[{"href":"https:\/\/tmh-dueren.de\/index.php?rest_route=\/wp\/v2\/pages\/477","targetHints":{"allow":["GET"]}}],"collection":[{"href":"https:\/\/tmh-dueren.de\/index.php?rest_route=\/wp\/v2\/pages"}],"about":[{"href":"https:\/\/tmh-dueren.de\/index.php?rest_route=\/wp\/v2\/types\/page"}],"author":[{"embeddable":true,"href":"https:\/\/tmh-dueren.de\/index.php?rest_route=\/wp\/v2\/users\/1"}],"replies":[{"embeddable":true,"href":"https:\/\/tmh-dueren.de\/index.php?rest_route=%2Fwp%2Fv2%2Fcomments&post=477"}],"version-history":[{"count":30,"href":"https:\/\/tmh-dueren.de\/index.php?rest_route=\/wp\/v2\/pages\/477\/revisions"}],"predecessor-version":[{"id":1543,"href":"https:\/\/tmh-dueren.de\/index.php?rest_route=\/wp\/v2\/pages\/477\/revisions\/1543"}],"wp:attachment":[{"href":"https:\/\/tmh-dueren.de\/index.php?rest_route=%2Fwp%2Fv2%2Fmedia&parent=477"}],"curies":[{"name":"wp","href":"https:\/\/api.w.org\/{rel}","templated":true}]}}

Öffnugszeiten

<p>[et_pb_section fb_built=&#8221;1&#8243; _builder_version=&#8221;3.22&#8243;][et_pb_row _builder_version=&#8221;4.8.2&#8243; background_size=&#8221;initial&#8221; background_position=&#8221;top_left&#8221; background_repeat=&#8221;repeat&#8221;][et_pb_column type=&#8221;4_4&#8243; _builder_version=&#8221;3.25&#8243; custom_padding=&#8221;|||&#8221; custom_padding__hover=&#8221;|||&#8221;][et_pb_text admin_label=&#8221;Öffnungszeiten&#8221; _builder_version=&#8221;4.8.2&#8243; text_font=&#8221;Verdana||||||||&#8221; text_font_size=&#8221;16px&#8221; header_text_color=&#8221;#e2345c&#8221; max_width_tablet=&#8221;&#8221; max_width_phone=&#8221;&#8221; max_width_last_edited=&#8221;on|desktop&#8221; custom_margin=&#8221;0px|||0px&#8221; hover_enabled=&#8221;0&#8243; sticky_enabled=&#8221;0&#8243;]</p>
<h1 style="text-align: left;"><b>Öffnungszeiten</b></h1>
<p>Aktuelle Öffnungszeiten zum<a href="https://tmh-dueren.de/wp-content/uploads/2025/01/WhatsApp-Image-2025-01-14-at-13.54.03.jpeg"> Download</a></p>
<p>&nbsp;</p>
<p style="text-align: left;">Montags: 15.00 &#8211; 17.00 Uhr <strong>Kindertreff</strong> (ab 6 &#8211; 9 Jahre)</p>
<p style="text-align: left;">                17.30 &#8211; 19.30 <strong>Mitarbeitertreffen</strong> (1. Montag im Monat)</p>
<h4> </h4>
<p style="text-align: left;">Dienstag: 15.00 &#8211; 17.00 <strong>Kindertreff </strong>( 6 &#8211; 9 Jahre)</p>
<p>17.00 -19.00 <strong>Teenietref</strong>f (10 &#8211; 13 Jahre)</p>
<p>17.00 &#8211; 21.00 <strong>Jugendtreff</strong> (ab 14 Jahre)</p>
<p style="text-align: left;">Mittwoch: 16.30 &#8211; ca. 18.15 Uhr <strong>Kinderkino </strong>(14. tägig)</p>
<p>18.30 &#8211; 21.00 Uhr<strong> Jugendtreff</strong> (ab 14 Jahre)</p>
<p><span style="color: #666666; font-size: 14px; font-weight: 500;">(der Jugendtreff entfällt, wenn in der gleichen Woche am Sonntag geöffnet ist, wird an der Tür ausgehängt)</span></p>
<p style="text-align: left;">Donnerstag: 15.00 &#8211; 17.00 Uhr <strong>Kindertreff </strong>(ab 6 &#8211; 9 Jahre)</p>
<p>17.00 &#8211; 19.00 Uhr <strong>Teenietreff</strong> (ab 10 bis 13 Jahre)</p>
<p>17.00 &#8211; 21.00 Uhr <strong>Jugendtreff </strong>(ab 14 Jahre)</p>
<h4 style="text-align: left; padding-left: 120px;"> </h4>
<p style="text-align: left;">Freitag: 16.00 &#8211; 18.00 <strong>Teens</strong> ( 10 &#8211; 13 Jahre)</p>
<p>16.00 -20.00 Uhr <strong>Jugendtreff</strong> (ab 14 Jahre)</p>
<h4 style="text-align: left;"> </h4>
<p style="text-align: left;">Sonntag: 17.00 – 21.00 Uhr <strong>Offener Treff für Teens/ Jugendliche</strong> (ab 10 Jahre)</p>
<p style="text-align: left;">(jeden 1. Sonntag im Monat oder nach Ankündigung)</p>
<p style="text-align: left;">Ansonsten am Wochenende: Häusliche oder außerhäusliche Aktionen der Offenen Treffs (nach Programm und Aushang)</p>
<p>[/et_pb_text][/et_pb_column][/et_pb_row][/et_pb_section]</p>

<p>[et_pb_section fb_built=&#8221;1&#8243; _builder_version=&#8221;3.22&#8243;][et_pb_row _builder_version=&#8221;4.8.2&#8243; background_size=&#8221;initial&#8221; background_position=&#8221;top_left&#8221; background_repeat=&#8221;repeat&#8221;][et_pb_column type=&#8221;4_4&#8243; _builder_version=&#8221;3.25&#8243; custom_padding=&#8221;|||&#8221; custom_padding__hover=&#8221;|||&#8221;][et_pb_text admin_label=&#8221;Öffnungszeiten&#8221; _builder_version=&#8221;4.8.2&#8243; text_font=&#8221;Verdana||||||||&#8221; text_font_size=&#8221;16px&#8221; header_text_color=&#8221;#e2345c&#8221; max_width_tablet=&#8221;&#8221; max_width_phone=&#8221;&#8221; max_width_last_edited=&#8221;on|desktop&#8221; custom_margin=&#8221;0px|||0px&#8221; hover_enabled=&#8221;0&#8243; sticky_enabled=&#8221;0&#8243;] Öffnungszeiten Aktuelle Öffnungszeiten zum Download &nbsp; Montags: 15.00 &#8211; 17.00 Uhr Kindertreff (ab 6 &#8211; 9 Jahre)                 17.30 &#8211; 19.30 Mitarbeitertreffen (1. Montag im Monat)   [&hellip;]</p>
